at are the prime factors of 315232?
2, 9851
What are the prime factors of 2451020?
2, 5, 11, 13, 857
List the prime factors of 716447.
716447
What are the prime factors of 2039820?
2, 3, 5, 33997
List the prime factors of 424810.
2, 5, 23, 1847
List the prime factors of 19593153.
3, 269, 8093
List the prime factors of 5265103.
5265103
List the prime factors of 12245929.
12245929
What are the prime factors of 2528047?
53, 47699
List the prime factors of 70303.
229, 307
List the prime factors of 1796349.
3, 598783
List the prime factors of 4512642.
2, 3, 752107
What are the prime factors of 3935984?
2, 13, 127, 149
List the prime factors of 8957026.
2, 13, 59, 5839
What are the prime factors of 293940?
2, 3, 5, 23, 71
List the prime factors of 1231792.
2, 167, 461
What are the prime factors of 226270?
2, 5, 11, 17
List the prime factors of 308068.
2, 77017
List the prime factors of 10534827.
3, 41, 2089
What are the prime factors of 985764?
2, 3, 13, 71, 89
List the prime factors of 902605.
5, 11, 16411
List the prime factors of 149437.
29, 5153
List the prime factors of 378659.
277, 1367
What are the prime factors of 192031?
7, 3919
What are the prime factors of 11884402?
2, 53, 191, 587
List the prime factors of 39000147.
3, 13000049
What are the prime factors of 777761?
777761
List the prime factors of 2751955.
5, 29, 18979
What are the prime factors of 1479680?
2, 5, 17
List the prime factors of 96095.
5, 19219
What are the prime factors of 457833?
3, 101, 1511
What are the prime factors of 467249?
97, 4817
List the prime factors of 150533.
150533
List the prime factors of 919849.
7, 331, 397
What are the prime factors of 6569345?
5, 19, 69151
What are the prime factors of 514208?
2, 16069
List the prime factors of 2798729.
2798729
List the prime factors of 1347462.
2, 3, 24953
List the prime factors of 173302.
2, 73, 1187
List the prime factors of 215785.
5, 103, 419
List the prime factors of 139194.
2, 3, 11, 19, 37
What are the prime factors of 262221?
3, 87407
What are the prime factors of 9360227?
1049, 8923
What are the prime factors of 13293934?
2, 6646967
List the prime factors of 201161.
17, 11833
List the prime factors of 9570853.
9570853
What are the prime factors of 775323?
3, 277, 311
List the prime factors of 1270048.
2, 13, 43, 71
What are the prime factors of 15755433?
3, 359, 14629
What are the prime factors of 6605585?
5, 7, 79, 2389
What are the prime factors of 532431?
3, 59159
List the prime factors of 1590115.
5, 318023
List the prime factors of 4268872.
2, 107, 4987
What are the prime factors of 2374320?
2, 3, 5, 13, 761
List the prime factors of 2711674.
2, 7, 29, 6679
What are the prime factors of 11930638?
2, 5965319
What are the prime factors of 324107?
7, 46301
List the prime factors of 5708342.
2, 2854171
What are the prime factors of 261660?
2, 3, 5, 7, 89
What are the prime factors of 451421?
19, 23, 1033
List the prime factors of 1189755.
3, 5, 7, 1259
List the prime factors of 2156276.
2, 701, 769
List the prime factors of 5877346.
2, 19, 154667
What are the prime factors of 4851633?
3, 1617211
What are the prime factors of 212118?
2, 3, 35353
What are the prime factors of 1599912?
2, 3, 823
What are the prime factors of 11991276?
2, 3, 11, 107, 283
What are the prime factors of 1551163?
1551163
What are the prime factors of 12279503?
31, 127, 3119
List the prime factors of 1201404.
2, 3, 53, 1889
What are the prime factors of 11255196?
2, 3, 67, 13999
List the prime factors of 35477170.
2, 5, 67, 52951
What are the prime factors of 2671227?
3, 13, 17, 79
What are the prime factors of 265750?
2, 5, 1063
What are the prime factors of 340676?
2, 7, 23
What are the prime factors of 3932015?
5, 17, 167, 277
What are the prime factors of 228042?
2, 3, 41, 103
List the prime factors of 1478515.
5, 295703
What are the prime factors of 138796?
2, 7, 4957
List the prime factors of 25201.
11, 29, 79
List the prime factors of 716551.
11, 65141
What are the prime factors of 10248824?
2, 17, 179, 421
List the prime factors of 2016948.
2, 3, 17, 9887
What are the prime factors of 1465060?
2, 5, 17, 31, 139
What are the prime factors of 4536839?
19, 238781
List the prime factors of 149277.
3, 17, 2927
What are the prime factors of 10194287?
353, 28879
List the prime factors of 4657804.
2, 307, 3793
List the prime factors of 59574.
2, 3, 9929
What are the prime factors of 3258988?
2, 814747
List the prime factors of 15940025.
5, 637601
List the prime factors of 588117.
3, 196039
List the prime factors of 1619963.
59, 27457
What are the prime factors of 13092249?
3, 401, 10883
What are the prime factors of 219145?
5, 41, 1069
What are the prime factors of 213235?
5, 11, 3877
List the prime factors of 87957.
3, 29, 337
List the prime factors of 3433689.
3, 7, 54503
What are the prime factors of 27716190?
2, 3, 5, 83, 11131
What are the prime factors of 522844?
2, 7, 71, 263
What are the prime factors of 257725?
5, 13, 61
List the prime factors of 117177.
3, 139, 281
What are the prime factors of 3186935?
5, 97, 6571
List the prime factors of 464937.
3, 11, 73, 193
List the prime factors of 400292.
2, 19, 23, 229
What are the prime factors of 1101330?
2, 3, 5, 4079
List the prime factors of 18607826.
2, 17, 109, 5021
What are the prime factors of 777954?
2, 3, 17, 29, 263
List the prime factors of 12632276.
2, 3158069
List the prime factors of 125453.
125453
What are the prime factors of 11603876?
2, 1091, 2659
List the prime factors of 245774.
2, 122887
What are the prime factors of 23432427?
3, 79, 32957
What are the prime factors of 107282?
2, 7, 79, 97
List the prime factors of 2615725.
5, 7, 14947
List the prime factors of 251393.
251393
List the prime factors of 213087.
3, 7, 73, 139
List the prime factors of 190198.
2, 61, 1559
What are the prime factors of 418843?
418843
List the prime factors of 2488737.
3, 79, 10501
What are the prime factors of 26398156?
2, 113, 58403
List the prime factors of 12694800.
2, 3, 5, 71, 149
List the prime factors of 9487543.
13, 191, 3821
What are the prime factors of 5606212?
2, 97, 14449
What are the prime factors of 1704219?
3, 11, 43, 1201
What are the prime factors of 746682?
2, 3, 124447
List the prime factors of 1328111.
1328111
List the prime factors of 5289829.
557, 9497
List the prime factors of 7811418.
2, 3, 1301903
List the prime factors of 9185247.
3, 1020583
What are the prime factors of 10204009?
197, 51797
List the prime factors of 110707.
149, 743
What are the prime factors of 3707063?
3707063
List the prime factors of 1139128.
2, 142391
List the prime factors of 1054160.
2, 5, 13177
What are the prime factors of 19733142?
2, 3, 11, 13, 109, 211
What are the prime factors of 6406218?
2, 3, 7, 13, 3911
List the prime factors of 12606134.
2, 733, 8599
What are the prime factors of 22031531?
683, 32257
List the prime factors of 635704.
2, 229, 347
List the prime factors of 3005890.
2, 5, 300589
List the prime factors of 8177819.
13, 41, 67, 229
What are the prime factors of 506724?
2, 3, 42227
List the prime factors of 4656006.
2, 3, 37, 6991
List the prime factors of 547976.
2, 11, 13, 479
What are the prime factors of 10914?
2, 3, 17, 107
What are the prime factors of 7086727?
41, 127, 1361
List the prime factors of 11676937.
29, 263, 1531
List the prime factors of 71168.
2, 139
List the prime factors of 96028.
2, 24007
What are the prime factors of 2270528?
2, 13, 2729
What are the prime factors of 35680?
2, 5, 223
What are the prime factors of 34920469?
3677, 9497
What are the prime factors of 198272?
2, 1549
What are the prime factors of 347427?
3, 38603
List the prime factors of 2390206.
2, 7, 13, 23, 571
List the prime factors of 23432042.
2, 53, 443, 499
What are the prime factors of 289205?
5, 7, 8263
What are the prime factors of 1404532?
2, 351133
List the prime factors of 508681.
47, 79, 137
What are the prime factors of 23209500?
2, 3, 5, 15473
List the prime factors of 927023.
53, 17491
List the prime factors of 173779.
173779
List the prime factors of 19807733.
11, 107, 16829
List the prime factors of 5954321.
5954321
List the prime factors of 355991.
317, 1123
What are the prime factors of 441611?
41, 10771
What are the prime factors of 43086?
2, 3, 43